= -v + 2. Let d be l(6). Suppose 0*u = -4*u - 72. What are the prime factors of 20/9 - d/u?
2
Let a = -121 - -220. List the prime factors of a.
3, 11
What are the prime factors of ((-386)/3)/(4 - 112/24)?
193
Let l(q) = 12*q**2 + 6*q + 6. List the prime factors of l(-2).
2, 3, 7
Let y be (-6)/27 + 29/9. List the prime factors of 3/(-3) + y - 0.
2
Suppose -4 = 3*p + 2*t - 7*t, 44 = -3*p - 5*t. List the prime factors of p/28 - 228/(-14).
2
Let n be 13/6 - 2/12. Suppose -1 = -j, -6 + 4 = 3*d - n*j. Suppose v = -d*v + 9. What are the prime factors of v?
3
Suppose 3*p = q + 30 - 92, 2*q - p - 109 = 0. Let v = q + -12. What are the prime factors of v?
41
Let d(p) = 2. Let x(q) = -q - 1. Let t(c) = d(c) - x(c). Let r be t(-6). What are the prime factors of 9 + r*(-3)/9?
2, 5
Suppose -5*m + 5 = -10. Let q(v) = 2*v**2 + 3*v. What are the prime factors of q(m)?
3
Let k(r) = -31*r + 1. List the prime factors of k(-1).
2
Let r(o) be the third derivative of o**6/120 + o**5/15 - o**4/24 - 5*o**3/6 + 2*o**2. Let w be r(-4). List the prime factors of (w + 0)*(-7 + 4).
3
Let x = -13 - -31. What are the prime factors of x?
2, 3
Let j = -2 - 4. Let a(y) = -2*y + 3. List the prime factors of a(j).
3, 5
Let c be (-2)/(-4)*(7 - 3). Let q be (-2 - 0)/c + 3. Suppose -r = 3, -3*i - 1 = 5*r + q. What are the prime factors of i?
2
Let h be (-5 - -7)*(4 + -2). Let t(s) = 4*s + 9 + h - s**2 - 15*s + 0*s**2. What are the prime factors of t(-11)?
13
What are the prime factors of (-10)/(400/24) - 2356/(-10)?
5, 47
Let d = 53 - 16. List the prime factors of d.
37
Let b(v) = v - 9. Let m be b(10). Let x(g) = 117*g**2 - 2*g + 1. Let w be x(m). Suppose u + 4 = 0, -w = -4*h - h + 4*u. List the prime factors of h.
2, 5
Suppose 15*n - 9*n - 1872 = 0. What are the prime factors of n?
2, 3, 13
Let m = 34 + -20. Let i = m - 6. Let u = i - 2. What are the prime factors of u?
2, 3
Let y = -7 - -7. Suppose -2*p + 6 + 26 = y. List the prime factors of p.
2
Let c = -2 + 6. Let i = 11 + -9. Suppose -i*g = -3*l - 1, c*g - 3*l - 14 = -l. What are the prime factors of g?
5
Let p = -19 + 71. What are the prime factors of p?
2, 13
List the prime factors of ((-144)/(-27))/(1/18).
2, 3
Let a = 93 + 146. What are the prime factors of a?
239
Let d(f) = -f + 8. Suppose p - 5*j = -4*p + 20, 4*j = -5*p + 38. List the prime factors of d(p).
2
Suppose -2*l - 5*q = -4*q - 8, 4*q - 7 = -3*l. Suppose l*c = c + 12. List the prime factors of c.
3
Suppose 3*m + 12 = -0*m. What are the prime factors of (-282)/(-12) - (-2)/m?
23
Suppose 4*c = 77 + 11. Let x be (-58)/(-1*(-1 - -2)). Suppose -3*v = -x + c. What are the prime factors of v?
2, 3
Let f(h) = -h**3 + 7*h**2 - 6*h. Suppose 4*i - 18 - 6 = 0. Let z be f(i). List the prime factors of z + 3/(9/15).
5
Let j(k) = 2*k**3 - 6*k**2 + 6. List the prime factors of j(5).
2, 53
Suppose 43 = c - 20. What are the prime factors of c?
3, 7
Let r(b) = -31*b**2 + 2*b - 1. Let i(z) = z - 1. Let n(j) = 2*i(j) - r(j). List the prime factors of n(1).
2, 3, 5
Let b be (-14)/(-2*1) - 0. Let y = b - 4. What are the prime factors of y?
3
Let h = -27 - -16. Let o be (4/(7 - -1))/(2/124). Let v = o + h. What are the prime factors of v?
2, 5
Let x be 2/(0 - -2) - -2. Suppose 0 = 4*s - 5*r - 32, -x*s + 8*s - r = 19. Suppose -43 = -5*u - 2*t + 12, -s*u + 7 = -4*t. What are the prime factors of u?
3
Let u be (-2 + 1)*-1 + 23. Let p be (-8 - -4)/4 - -4. Suppose p*j = u + 24. List the prime factors of j.
2
Let v = -2 - -4. Suppose -v*y = 4 - 0. List the prime factors of y/10 - 66/(-5).
13
Let v be (-1)/(-7) + 501/21. Let b be (-1)/6 + 52/v. Suppose b*d - 6 = -0*d + z, -3*z = 0. List the prime factors of d.
3
Suppose 156 = -8*z + 12*z. What are the prime factors of z?
3, 13
Let n = -212 - -361. List the prime factors of n.
149
Let f(j) = -j**3 + 7*j**2 + 10*j. Suppose 12 = -3*t + 3*n, -t - t + 8 = 2*n. Suppose t = 4*h + 13 - 45. What are the prime factors of f(h)?
2
Suppose -6*w = -w + 2*a - 9, a + 9 = 2*w. Suppose -o - w*o = -72. List the prime factors of o.
2, 3
Let a(n) = -n - 3. Let d be a(-6). Let t(z) = 1 + 5*z**3 - 2*z**d - 10*z**2 - 2*z**3 + 11*z. List the prime factors of t(9).
19
Suppose -5*q - 35 = -3*d, -q + 45 - 6 = 4*d. What are the prime factors of (6 - 1)*12/d?
2, 3
Let r be 2/4*-2 + 0. Let i(c) be the first derivative of -3*c**4/4 + 2*c**3/3 - c + 2. List the prime factors of i(r).
2
Let q = -45 + 80. List the prime factors of q.
5, 7
Let b(i) = -2*i**2 - 5*i - 5. Let o(q) = 6*q + 1. Let c be o(-1). Let z be b(c). List the prime factors of ((-4)/6)/(4/z).
5
Let t = 32 - 24. What are the prime factors of t?
2
Let b(x) = x**3 - 11*x**2 + 12*x + 13. List the prime factors of b(10).
3, 11
Let d = -1 - -7. Suppose -3*s + 4*s = d. What are the prime factors of ((-28)/(-6))/(s/9)?
7
Let z be (2 + 1)*(2 - -1). Let o = -3 + z. Suppose 3*d = d + o. List the prime factors of d.
3
Let c be (4/(-8))/(1/(-52)). Suppose -4*r + c = p, 0 = -5*r + 4 + 6. Suppose -3*b + 12 = -p. List the prime factors of b.
2, 5
Let r = 154 - 108. List the prime factors of r.
2, 23
Suppose 309 = 10*x - 1011. List the prime factors of x.
2, 3, 11
Suppose 0 = -2*h - 12 + 2, 3*u - 30 = -3*h. Let i = 24 - u. What are the prime factors of i?
3
Let a(b) = 384*b. Let g be a(-1). List the prime factors of -2 - (g/4)/3.
2, 3, 5
Let c(d) = -d**2 + 11*d + 14. What are the prime factors of c(6)?
2, 11
Suppose 2 - 6 = y. Let h(v) = -v**3 - 3*v**2 - 3. What are the prime factors of h(y)?
13
Let g(k) = 8*k**2 + 4*k + 2. What are the prime factors of g(-2)?
2, 13
Suppose -4*r + 4*n - 5*n + 26 = 0, -3*r = 5*n - 28. What are the prime factors of r?
2, 3
Suppose -31 = -4*l + 129. Let b = l - 24. What are the prime factors of b?
2
Let s be 0/(0 - 1) + 2. List the prime factors of ((-25)/2)/((-1)/s).
5
Suppose 1 = -c + 4*h, -5*h + 13 + 1 = 3*c. Suppose 2 = -c*y + 11. List the prime factors of ((-2)/y)/((-3)/18).
2
Suppose -58 = -r + 2*u, -3*u + 38 = r - 0*u. Suppose 3*q - 3*y = -q + 120, -2*q - y + r = 0. List the prime factors of q.
3
Let x(o) = o**3 + 5*o**2 + o. Let j be x(-5). Let p(z) be the first derivative of -z**2/2 + 2*z + 4. List the prime factors of p(j).
7
Let b = 148 + -97. What are the prime factors of b?
3, 17
Let a be 5*1*2/5. Suppose -a*g + 14 = n - 12, 5*n - 4*g = 200. List the prime factors of (2 + n/(-10))*-5.
2
Let n be (8/(-20))/((-2)/20). Suppose n*j = 0, -2*p + 0*j + 2*j + 4 = 0. List the prime factors of 4 + -1 - (p - 1).
2
Let g = -3 - 4. Let s = -25 + -10. List the prime factors of (-2)/g + (-130)/s.
2
Suppose -3*j - 1 = 2*b + 1, 20 = -5*b. Let z = 4 + j. Suppose -z*l = -2*l - 44. List the prime factors of l.
11
Suppose 11*h - 54 = 8*h. List the prime factors of h.
2, 3
Let c(p) = p - 2 + 2 + 0*p. Let j(x) = x**2 - 12*x + 1. Let o(b) = -c(b) - j(b). What are the prime factors of o(9)?
17
Let l be (-2)/(-4) + 147/14. What are the prime factors of (l/(-4))/(1/(-4))?
11
List the prime factors of (-4)/((-1)/((-9)/(-6))).
2, 3
Let o = -210 + 355. List the prime factors of o.
5, 29
Let t be (1 - -2) + -1 - 1. Let r = 1 - -4. Suppose -2*o - 37 = -r*s + 2*s, -s = 5*o - t. What are the prime factors of s?
11
Suppose -6*i + 5*i + 5 = 0. Suppose -2*l + 8 = 2*l, 5*l - 6 = h. Suppose 26 = t + t - h*m, 20 = -i*m. List the prime factors of t.
5
Let m = 2 - 2. Suppose 0 = 2*r + 4*o - 18, 3*o - 4 = -r - m*r. What are the prime factors of r?
19
Suppose 4*a - 895 = -a. List the prime factors of a.
179
Suppose -y + 5*y = 104. What are the prime factors of y?
2, 13
Let s = 64 - 26. What are the prime factors of s?
2, 19
Let l = -1 + 4. Suppose 5*p + 5*y = -15, 5 = l*y + 20. What are the prime factors of p?
2
Let f(m) = -m + 12. List the prime factors of f(9).
3
Suppose 0 = 5*y - 391 + 141. Let t = y + -35. List the prime factors of t.
3, 5
Let h(l) = l + 28. What are the prime factors of h(-10)?
2, 3
Let h(n) = -2*n - 1. Suppose -2*y - 3 = 5*c - 0, 12 = -3*y - 5*c. Let d be 4/3*y/2. List the prime factors of h(d).
11
Suppose 0*l - 3*l + 120 = 0. Let z = 8 - 3. Suppose y + l = z*y. List the prime factors of y.
2, 5
Let a(l) be the first derivative of -1/4*l**4 + 4*l + 2 + 3*l**2 - 2/3*l**3. List the prime factors of a(-4).
2, 3
Suppose 2*q - 176 = 2*h - 6*h, -3*h = -5*q - 145. What are the prime factors of h?
3, 5
Let